{"id":1038,"date":"2015-08-06T17:22:48","date_gmt":"2015-08-06T15:22:48","guid":{"rendered":"https:\/\/www.lungcancergroup.de\/en\/project\/comprehensive-genomic-profiles-of-small-cell-lung-cancer\/"},"modified":"2016-04-25T10:08:44","modified_gmt":"2016-04-25T08:08:44","slug":"comprehensive-genomic-profiles-of-small-cell-lung-cancer","status":"publish","type":"project","link":"https:\/\/www.lungcancergroup.de\/en\/project\/comprehensive-genomic-profiles-of-small-cell-lung-cancer\/","title":{"rendered":"Comprehensive genomic profiles of small cell lung cancer."},"content":{"rendered":"<p>[et_pb_section admin_label=&#8221;section&#8221;][et_pb_row admin_label=&#8221;row&#8221;][et_pb_column type=&#8221;4_4&#8243;][et_pb_text admin_label=&#8221;Projekttitel&#8221; background_layout=&#8221;light&#8221; text_orientation=&#8221;left&#8221; text_font_size=&#8221;14&#8243; use_border_color=&#8221;off&#8221; border_color=&#8221;#ffffff&#8221; border_style=&#8221;solid&#8221;]<\/p>\n<h4><a href=\"http:\/\/www.ncbi.nlm.nih.gov\/pubmed\/26168399\/\" target=\"_blank\">Comprehensive genomic profiles of small cell lung cancer.<\/a><\/h4>\n<p>[\/et_pb_text][et_pb_text admin_label=&#8221;Autoren&#8221; background_layout=&#8221;light&#8221; text_orientation=&#8221;left&#8221; text_font_size=&#8221;14&#8243; use_border_color=&#8221;off&#8221; border_color=&#8221;#ffffff&#8221; border_style=&#8221;solid&#8221;]<\/p>\n<p>George J, Lim JS, Jang SJ, Cun Y, Ozreti\u0107 L, Kong G, Leenders F, Lu X, Fern\u00e1ndez-Cuesta L, Bosco G, M\u00fcller C, Dahmen I, Jahchan NS, Park KS, Yang D, Karnezis AN, Vaka D, Torres A, Wang MS, Korbel JO, Menon R, Chun SM, Kim D, Wilkerson M, Hayes N, Engelmann D, P\u00fctzer B, Bos M, Michels S, Vlasic I, Seidel D, Pinther B, Schaub P, Becker C, Altm\u00fcller J, Yokota J, Kohno T, Iwakawa R, Tsuta K, Noguchi M, Muley T, Hoffmann H, Schnabel PA, Petersen I, Chen Y, Soltermann A, Tischler V, Choi CM, Kim YH, Massion PP, Zou Y, Jovanovic D, Kontic M, Wright GM, Russell PA, Solomon B, Koch I, Lindner M, Muscarella LA, la Torre A, Field JK, Jakopovic M, Knezevic J, Casta\u00f1os-V\u00e9lez E, Roz L, Pastorino U, Brustugun OT, Lund-Iversen M, Thunnissen E, K\u00f6hler J, Schuler M, Botling J, Sandelin M, Sanchez-Cespedes M, Salvesen HB, Achter V, Lang U, Bogus M, Schneider PM, Zander T, Ans\u00e9n S, Hallek M, Wolf J, Vingron M, Yatabe Y, Travis WD, N\u00fcrnberg P, Reinhardt C, Perner S, Heukamp L, B\u00fcttner R, Haas SA, Brambilla E, Peifer M, Sage J, Thomas RK.<\/p>\n<p>[\/et_pb_text][et_pb_text admin_label=&#8221;Journal+Ver\u00f6ffentlichung&#8221; background_layout=&#8221;light&#8221; text_orientation=&#8221;left&#8221; use_border_color=&#8221;off&#8221; border_color=&#8221;#ffffff&#8221; border_style=&#8221;solid&#8221;]<\/p>\n<p>Journal: Nature<br \/>\nVer\u00f6ffentlichung: 6. August 2015<\/p>\n<p>[\/et_pb_text][\/et_pb_column][\/et_pb_row][\/et_pb_section]<\/p>\n","protected":false},"excerpt":{"rendered":"<p>Journal: Nature<br \/>\nVer\u00f6ffentlichung: 6. August 2015<\/p>\n","protected":false},"author":19,"featured_media":0,"comment_status":"closed","ping_status":"closed","template":"","meta":{"_et_pb_use_builder":"on","_et_pb_old_content":"","_et_gb_content_width":"","footnotes":""},"project_category":[40],"project_tag":[],"class_list":["post-1038","project","type-project","status-publish","hentry","project_category-2015-en"],"yoast_head":"<!-- This site is optimized with the Yoast SEO plugin v24.7 - https:\/\/yoast.com\/wordpress\/plugins\/seo\/ -->\n<title>Comprehensive genomic profiles of small cell lung cancer. - Lung Cancer Group Cologne<\/title>\n<meta name=\"robots\" content=\"index, follow, max-snippet:-1, max-image-preview:large, max-video-preview:-1\" \/>\n<link rel=\"canonical\" href=\"https:\/\/www.lungcancergroup.de\/en\/project\/comprehensive-genomic-profiles-of-small-cell-lung-cancer\/\" \/>\n<meta property=\"og:locale\" content=\"en_US\" \/>\n<meta property=\"og:type\" content=\"article\" \/>\n<meta property=\"og:title\" content=\"Comprehensive genomic profiles of small cell lung cancer. - Lung Cancer Group Cologne\" \/>\n<meta property=\"og:description\" content=\"Journal: Nature Ver\u00f6ffentlichung: 6. August 2015\" \/>\n<meta property=\"og:url\" content=\"https:\/\/www.lungcancergroup.de\/en\/project\/comprehensive-genomic-profiles-of-small-cell-lung-cancer\/\" \/>\n<meta property=\"og:site_name\" content=\"Lung Cancer Group Cologne\" \/>\n<meta property=\"article:modified_time\" content=\"2016-04-25T08:08:44+00:00\" \/>\n<meta name=\"twitter:card\" content=\"summary_large_image\" \/>\n<meta name=\"twitter:label1\" content=\"Est. reading time\" \/>\n\t<meta name=\"twitter:data1\" content=\"2 minutes\" \/>\n<script type=\"application\/ld+json\" class=\"yoast-schema-graph\">{\"@context\":\"https:\/\/schema.org\",\"@graph\":[{\"@type\":\"WebPage\",\"@id\":\"https:\/\/www.lungcancergroup.de\/en\/project\/comprehensive-genomic-profiles-of-small-cell-lung-cancer\/\",\"url\":\"https:\/\/www.lungcancergroup.de\/en\/project\/comprehensive-genomic-profiles-of-small-cell-lung-cancer\/\",\"name\":\"Comprehensive genomic profiles of small cell lung cancer. - Lung Cancer Group Cologne\",\"isPartOf\":{\"@id\":\"https:\/\/www.lungcancergroup.de\/en\/#website\"},\"datePublished\":\"2015-08-06T15:22:48+00:00\",\"dateModified\":\"2016-04-25T08:08:44+00:00\",\"breadcrumb\":{\"@id\":\"https:\/\/www.lungcancergroup.de\/en\/project\/comprehensive-genomic-profiles-of-small-cell-lung-cancer\/#breadcrumb\"},\"inLanguage\":\"en-US\",\"potentialAction\":[{\"@type\":\"ReadAction\",\"target\":[\"https:\/\/www.lungcancergroup.de\/en\/project\/comprehensive-genomic-profiles-of-small-cell-lung-cancer\/\"]}]},{\"@type\":\"BreadcrumbList\",\"@id\":\"https:\/\/www.lungcancergroup.de\/en\/project\/comprehensive-genomic-profiles-of-small-cell-lung-cancer\/#breadcrumb\",\"itemListElement\":[{\"@type\":\"ListItem\",\"position\":1,\"name\":\"Startseite\",\"item\":\"https:\/\/www.lungcancergroup.de\/en\/\"},{\"@type\":\"ListItem\",\"position\":2,\"name\":\"Projects\",\"item\":\"https:\/\/www.lungcancergroup.de\/en\/project\/\"},{\"@type\":\"ListItem\",\"position\":3,\"name\":\"Comprehensive genomic profiles of small cell lung cancer.\"}]},{\"@type\":\"WebSite\",\"@id\":\"https:\/\/www.lungcancergroup.de\/en\/#website\",\"url\":\"https:\/\/www.lungcancergroup.de\/en\/\",\"name\":\"Lung Cancer Group Cologne\",\"description\":\"Lungenkrebs Studiengruppe K\u00f6ln\",\"potentialAction\":[{\"@type\":\"SearchAction\",\"target\":{\"@type\":\"EntryPoint\",\"urlTemplate\":\"https:\/\/www.lungcancergroup.de\/en\/?s={search_term_string}\"},\"query-input\":{\"@type\":\"PropertyValueSpecification\",\"valueRequired\":true,\"valueName\":\"search_term_string\"}}],\"inLanguage\":\"en-US\"}]}<\/script>\n<!-- \/ Yoast SEO plugin. -->","yoast_head_json":{"title":"Comprehensive genomic profiles of small cell lung cancer. - Lung Cancer Group Cologne","robots":{"index":"index","follow":"follow","max-snippet":"max-snippet:-1","max-image-preview":"max-image-preview:large","max-video-preview":"max-video-preview:-1"},"canonical":"https:\/\/www.lungcancergroup.de\/en\/project\/comprehensive-genomic-profiles-of-small-cell-lung-cancer\/","og_locale":"en_US","og_type":"article","og_title":"Comprehensive genomic profiles of small cell lung cancer. - Lung Cancer Group Cologne","og_description":"Journal: Nature Ver\u00f6ffentlichung: 6. August 2015","og_url":"https:\/\/www.lungcancergroup.de\/en\/project\/comprehensive-genomic-profiles-of-small-cell-lung-cancer\/","og_site_name":"Lung Cancer Group Cologne","article_modified_time":"2016-04-25T08:08:44+00:00","twitter_card":"summary_large_image","twitter_misc":{"Est. reading time":"2 minutes"},"schema":{"@context":"https:\/\/schema.org","@graph":[{"@type":"WebPage","@id":"https:\/\/www.lungcancergroup.de\/en\/project\/comprehensive-genomic-profiles-of-small-cell-lung-cancer\/","url":"https:\/\/www.lungcancergroup.de\/en\/project\/comprehensive-genomic-profiles-of-small-cell-lung-cancer\/","name":"Comprehensive genomic profiles of small cell lung cancer. - Lung Cancer Group Cologne","isPartOf":{"@id":"https:\/\/www.lungcancergroup.de\/en\/#website"},"datePublished":"2015-08-06T15:22:48+00:00","dateModified":"2016-04-25T08:08:44+00:00","breadcrumb":{"@id":"https:\/\/www.lungcancergroup.de\/en\/project\/comprehensive-genomic-profiles-of-small-cell-lung-cancer\/#breadcrumb"},"inLanguage":"en-US","potentialAction":[{"@type":"ReadAction","target":["https:\/\/www.lungcancergroup.de\/en\/project\/comprehensive-genomic-profiles-of-small-cell-lung-cancer\/"]}]},{"@type":"BreadcrumbList","@id":"https:\/\/www.lungcancergroup.de\/en\/project\/comprehensive-genomic-profiles-of-small-cell-lung-cancer\/#breadcrumb","itemListElement":[{"@type":"ListItem","position":1,"name":"Startseite","item":"https:\/\/www.lungcancergroup.de\/en\/"},{"@type":"ListItem","position":2,"name":"Projects","item":"https:\/\/www.lungcancergroup.de\/en\/project\/"},{"@type":"ListItem","position":3,"name":"Comprehensive genomic profiles of small cell lung cancer."}]},{"@type":"WebSite","@id":"https:\/\/www.lungcancergroup.de\/en\/#website","url":"https:\/\/www.lungcancergroup.de\/en\/","name":"Lung Cancer Group Cologne","description":"Lungenkrebs Studiengruppe K\u00f6ln","potentialAction":[{"@type":"SearchAction","target":{"@type":"EntryPoint","urlTemplate":"https:\/\/www.lungcancergroup.de\/en\/?s={search_term_string}"},"query-input":{"@type":"PropertyValueSpecification","valueRequired":true,"valueName":"search_term_string"}}],"inLanguage":"en-US"}]}},"_links":{"self":[{"href":"https:\/\/www.lungcancergroup.de\/en\/wp-json\/wp\/v2\/project\/1038","targetHints":{"allow":["GET"]}}],"collection":[{"href":"https:\/\/www.lungcancergroup.de\/en\/wp-json\/wp\/v2\/project"}],"about":[{"href":"https:\/\/www.lungcancergroup.de\/en\/wp-json\/wp\/v2\/types\/project"}],"author":[{"embeddable":true,"href":"https:\/\/www.lungcancergroup.de\/en\/wp-json\/wp\/v2\/users\/19"}],"replies":[{"embeddable":true,"href":"https:\/\/www.lungcancergroup.de\/en\/wp-json\/wp\/v2\/comments?post=1038"}],"version-history":[{"count":4,"href":"https:\/\/www.lungcancergroup.de\/en\/wp-json\/wp\/v2\/project\/1038\/revisions"}],"predecessor-version":[{"id":1374,"href":"https:\/\/www.lungcancergroup.de\/en\/wp-json\/wp\/v2\/project\/1038\/revisions\/1374"}],"wp:attachment":[{"href":"https:\/\/www.lungcancergroup.de\/en\/wp-json\/wp\/v2\/media?parent=1038"}],"wp:term":[{"taxonomy":"project_category","embeddable":true,"href":"https:\/\/www.lungcancergroup.de\/en\/wp-json\/wp\/v2\/project_category?post=1038"},{"taxonomy":"project_tag","embeddable":true,"href":"https:\/\/www.lungcancergroup.de\/en\/wp-json\/wp\/v2\/project_tag?post=1038"}],"curies":[{"name":"wp","href":"https:\/\/api.w.org\/{rel}","templated":true}]}}

<p>[et_pb_section admin_label=&#8221;section&#8221;][et_pb_row admin_label=&#8221;row&#8221;][et_pb_column type=&#8221;4_4&#8243;][et_pb_text admin_label=&#8221;Projekttitel&#8221; background_layout=&#8221;light&#8221; text_orientation=&#8221;left&#8221; text_font_size=&#8221;14&#8243; use_border_color=&#8221;off&#8221; border_color=&#8221;#ffffff&#8221; border_style=&#8221;solid&#8221;]</p>
<h4><a href="http://www.ncbi.nlm.nih.gov/pubmed/26168399/" target="_blank">Comprehensive genomic profiles of small cell lung cancer.</a></h4>
<p>[/et_pb_text][et_pb_text admin_label=&#8221;Autoren&#8221; background_layout=&#8221;light&#8221; text_orientation=&#8221;left&#8221; text_font_size=&#8221;14&#8243; use_border_color=&#8221;off&#8221; border_color=&#8221;#ffffff&#8221; border_style=&#8221;solid&#8221;]</p>
<p>George J, Lim JS, Jang SJ, Cun Y, Ozretić L, Kong G, Leenders F, Lu X, Fernández-Cuesta L, Bosco G, Müller C, Dahmen I, Jahchan NS, Park KS, Yang D, Karnezis AN, Vaka D, Torres A, Wang MS, Korbel JO, Menon R, Chun SM, Kim D, Wilkerson M, Hayes N, Engelmann D, Pützer B, Bos M, Michels S, Vlasic I, Seidel D, Pinther B, Schaub P, Becker C, Altmüller J, Yokota J, Kohno T, Iwakawa R, Tsuta K, Noguchi M, Muley T, Hoffmann H, Schnabel PA, Petersen I, Chen Y, Soltermann A, Tischler V, Choi CM, Kim YH, Massion PP, Zou Y, Jovanovic D, Kontic M, Wright GM, Russell PA, Solomon B, Koch I, Lindner M, Muscarella LA, la Torre A, Field JK, Jakopovic M, Knezevic J, Castaños-Vélez E, Roz L, Pastorino U, Brustugun OT, Lund-Iversen M, Thunnissen E, Köhler J, Schuler M, Botling J, Sandelin M, Sanchez-Cespedes M, Salvesen HB, Achter V, Lang U, Bogus M, Schneider PM, Zander T, Ansén S, Hallek M, Wolf J, Vingron M, Yatabe Y, Travis WD, Nürnberg P, Reinhardt C, Perner S, Heukamp L, Büttner R, Haas SA, Brambilla E, Peifer M, Sage J, Thomas RK.</p>
<p>[/et_pb_text][et_pb_text admin_label=&#8221;Journal+Veröffentlichung&#8221; background_layout=&#8221;light&#8221; text_orientation=&#8221;left&#8221; use_border_color=&#8221;off&#8221; border_color=&#8221;#ffffff&#8221; border_style=&#8221;solid&#8221;]</p>
<p>Journal: Nature<br />
Veröffentlichung: 6. August 2015</p>
<p>[/et_pb_text][/et_pb_column][/et_pb_row][/et_pb_section]</p>

<p>Journal: Nature<br />
Veröffentlichung: 6. August 2015</p>

<!-- This site is optimized with the Yoast SEO plugin v24.7 - https://yoast.com/wordpress/plugins/seo/ -->
<title>Comprehensive genomic profiles of small cell lung cancer. - Lung Cancer Group Cologne</title>
<meta name="robots" content="index, follow, max-snippet:-1, max-image-preview:large, max-video-preview:-1" />
<link rel="canonical" href="https://www.lungcancergroup.de/en/project/comprehensive-genomic-profiles-of-small-cell-lung-cancer/" />
<meta property="og:locale" content="en_US" />
<meta property="og:type" content="article" />
<meta property="og:title" content="Comprehensive genomic profiles of small cell lung cancer. - Lung Cancer Group Cologne" />
<meta property="og:description" content="Journal: Nature Veröffentlichung: 6. August 2015" />
<meta property="og:url" content="https://www.lungcancergroup.de/en/project/comprehensive-genomic-profiles-of-small-cell-lung-cancer/" />
<meta property="og:site_name" content="Lung Cancer Group Cologne" />
<meta property="article:modified_time" content="2016-04-25T08:08:44+00:00" />
<meta name="twitter:card" content="summary_large_image" />
<meta name="twitter:label1" content="Est. reading time" />
	<meta name="twitter:data1" content="2 minutes" />
<script type="application/ld+json" class="yoast-schema-graph">{"@context":"https://schema.org","@graph":[{"@type":"WebPage","@id":"https://www.lungcancergroup.de/en/project/comprehensive-genomic-profiles-of-small-cell-lung-cancer/","url":"https://www.lungcancergroup.de/en/project/comprehensive-genomic-profiles-of-small-cell-lung-cancer/","name":"Comprehensive genomic profiles of small cell lung cancer. - Lung Cancer Group Cologne","isPartOf":{"@id":"https://www.lungcancergroup.de/en/#website"},"datePublished":"2015-08-06T15:22:48+00:00","dateModified":"2016-04-25T08:08:44+00:00","breadcrumb":{"@id":"https://www.lungcancergroup.de/en/project/comprehensive-genomic-profiles-of-small-cell-lung-cancer/#breadcrumb"},"inLanguage":"en-US","potentialAction":[{"@type":"ReadAction","target":["https://www.lungcancergroup.de/en/project/comprehensive-genomic-profiles-of-small-cell-lung-cancer/"]}]},{"@type":"BreadcrumbList","@id":"https://www.lungcancergroup.de/en/project/comprehensive-genomic-profiles-of-small-cell-lung-cancer/#breadcrumb","itemListElement":[{"@type":"ListItem","position":1,"name":"Startseite","item":"https://www.lungcancergroup.de/en/"},{"@type":"ListItem","position":2,"name":"Projects","item":"https://www.lungcancergroup.de/en/project/"},{"@type":"ListItem","position":3,"name":"Comprehensive genomic profiles of small cell lung cancer."}]},{"@type":"WebSite","@id":"https://www.lungcancergroup.de/en/#website","url":"https://www.lungcancergroup.de/en/","name":"Lung Cancer Group Cologne","description":"Lungenkrebs Studiengruppe Köln","potentialAction":[{"@type":"SearchAction","target":{"@type":"EntryPoint","urlTemplate":"https://www.lungcancergroup.de/en/?s={search_term_string}"},"query-input":{"@type":"PropertyValueSpecification","valueRequired":true,"valueName":"search_term_string"}}],"inLanguage":"en-US"}]}</script>
<!-- / Yoast SEO plugin. -->

Journal: Nature Veröffentlichung: 6. August 2015

Lungenkrebs Studiengruppe Köln
