{"id":1040,"date":"2015-07-10T17:25:45","date_gmt":"2015-07-10T15:25:45","guid":{"rendered":"https:\/\/www.lungcancergroup.de\/en\/project\/implementation-of-amplicon-parallel-sequencing-leads-to-improvement-of-diagnosis-and-therapy-of-lung-cancer-patients\/"},"modified":"2016-04-25T10:10:58","modified_gmt":"2016-04-25T08:10:58","slug":"implementation-of-amplicon-parallel-sequencing-leads-to-improvement-of-diagnosis-and-therapy-of-lung-cancer-patients","status":"publish","type":"project","link":"https:\/\/www.lungcancergroup.de\/en\/project\/implementation-of-amplicon-parallel-sequencing-leads-to-improvement-of-diagnosis-and-therapy-of-lung-cancer-patients\/","title":{"rendered":"Implementation of Amplicon Parallel Sequencing Leads to Improvement of Diagnosis and Therapy of Lung Cancer Patients."},"content":{"rendered":"<p>[et_pb_section admin_label=&#8221;section&#8221;][et_pb_row admin_label=&#8221;row&#8221;][et_pb_column type=&#8221;4_4&#8243;][et_pb_text admin_label=&#8221;Projekttitel&#8221; background_layout=&#8221;light&#8221; text_orientation=&#8221;left&#8221; text_font_size=&#8221;14&#8243; use_border_color=&#8221;off&#8221; border_color=&#8221;#ffffff&#8221; border_style=&#8221;solid&#8221;]<\/p>\n<h4><a href=\"http:\/\/www.ncbi.nlm.nih.gov\/pubmed\/26102443\/\" target=\"_blank\">Implementation of Amplicon Parallel Sequencing Leads to Improvement of Diagnosis and Therapy of Lung Cancer Patients.<\/a><\/h4>\n<p>[\/et_pb_text][et_pb_text admin_label=&#8221;Autoren&#8221; background_layout=&#8221;light&#8221; text_orientation=&#8221;left&#8221; text_font_size=&#8221;14&#8243; use_border_color=&#8221;off&#8221; border_color=&#8221;#ffffff&#8221; border_style=&#8221;solid&#8221;]<\/p>\n<p>K\u00f6nig K, Peifer M, Fassunke J, Ihle MA, K\u00fcnstlinger H, Heydt C, Stamm K, Ueckeroth F, Vollbrecht C, Bos M, Gardizi M, Scheffler M, Nogova L, Leenders F, Albus K, Meder L, Becker K, Florin A, Rommerscheidt-Fuss U, Altm\u00fcller J, Kloth M, N\u00fcrnberg P, Henkel T, Bik\u00e1r SE, Sos ML, Geese WJ, Strauss L, Ko YD, Gerigk U, Odenthal M, Zander T, Wolf J, Merkelbach-Bruse S, Buettner R, Heukamp LC.<\/p>\n<p>[\/et_pb_text][et_pb_text admin_label=&#8221;Journal+Ver\u00f6ffentlichung&#8221; background_layout=&#8221;light&#8221; text_orientation=&#8221;left&#8221; use_border_color=&#8221;off&#8221; border_color=&#8221;#ffffff&#8221; border_style=&#8221;solid&#8221;]<\/p>\n<p>Journal: J Thorac Oncol<br \/>\nPublished: July 10th, 2015<\/p>\n<p>[\/et_pb_text][\/et_pb_column][\/et_pb_row][\/et_pb_section]<\/p>\n","protected":false},"excerpt":{"rendered":"<p>Journal: J Thorac Oncol<br \/>\nPublished: July 10th, 2015 <\/p>\n","protected":false},"author":19,"featured_media":0,"comment_status":"closed","ping_status":"closed","template":"","meta":{"_et_pb_use_builder":"on","_et_pb_old_content":"","_et_gb_content_width":"","footnotes":""},"project_category":[40],"project_tag":[],"class_list":["post-1040","project","type-project","status-publish","hentry","project_category-2015-en"],"yoast_head":"<!-- This site is optimized with the Yoast SEO plugin v24.7 - https:\/\/yoast.com\/wordpress\/plugins\/seo\/ -->\n<title>Implementation of Amplicon Parallel Sequencing Leads to Improvement of Diagnosis and Therapy of Lung Cancer Patients. - Lung Cancer Group Cologne<\/title>\n<meta name=\"robots\" content=\"index, follow, max-snippet:-1, max-image-preview:large, max-video-preview:-1\" \/>\n<link rel=\"canonical\" href=\"https:\/\/www.lungcancergroup.de\/en\/project\/implementation-of-amplicon-parallel-sequencing-leads-to-improvement-of-diagnosis-and-therapy-of-lung-cancer-patients\/\" \/>\n<meta property=\"og:locale\" content=\"en_US\" \/>\n<meta property=\"og:type\" content=\"article\" \/>\n<meta property=\"og:title\" content=\"Implementation of Amplicon Parallel Sequencing Leads to Improvement of Diagnosis and Therapy of Lung Cancer Patients. - Lung Cancer Group Cologne\" \/>\n<meta property=\"og:description\" content=\"Journal: J Thorac Oncol Published: July 10th, 2015\" \/>\n<meta property=\"og:url\" content=\"https:\/\/www.lungcancergroup.de\/en\/project\/implementation-of-amplicon-parallel-sequencing-leads-to-improvement-of-diagnosis-and-therapy-of-lung-cancer-patients\/\" \/>\n<meta property=\"og:site_name\" content=\"Lung Cancer Group Cologne\" \/>\n<meta property=\"article:modified_time\" content=\"2016-04-25T08:10:58+00:00\" \/>\n<meta name=\"twitter:card\" content=\"summary_large_image\" \/>\n<meta name=\"twitter:label1\" content=\"Est. reading time\" \/>\n\t<meta name=\"twitter:data1\" content=\"1 minute\" \/>\n<script type=\"application\/ld+json\" class=\"yoast-schema-graph\">{\"@context\":\"https:\/\/schema.org\",\"@graph\":[{\"@type\":\"WebPage\",\"@id\":\"https:\/\/www.lungcancergroup.de\/en\/project\/implementation-of-amplicon-parallel-sequencing-leads-to-improvement-of-diagnosis-and-therapy-of-lung-cancer-patients\/\",\"url\":\"https:\/\/www.lungcancergroup.de\/en\/project\/implementation-of-amplicon-parallel-sequencing-leads-to-improvement-of-diagnosis-and-therapy-of-lung-cancer-patients\/\",\"name\":\"Implementation of Amplicon Parallel Sequencing Leads to Improvement of Diagnosis and Therapy of Lung Cancer Patients. - Lung Cancer Group Cologne\",\"isPartOf\":{\"@id\":\"https:\/\/www.lungcancergroup.de\/en\/#website\"},\"datePublished\":\"2015-07-10T15:25:45+00:00\",\"dateModified\":\"2016-04-25T08:10:58+00:00\",\"breadcrumb\":{\"@id\":\"https:\/\/www.lungcancergroup.de\/en\/project\/implementation-of-amplicon-parallel-sequencing-leads-to-improvement-of-diagnosis-and-therapy-of-lung-cancer-patients\/#breadcrumb\"},\"inLanguage\":\"en-US\",\"potentialAction\":[{\"@type\":\"ReadAction\",\"target\":[\"https:\/\/www.lungcancergroup.de\/en\/project\/implementation-of-amplicon-parallel-sequencing-leads-to-improvement-of-diagnosis-and-therapy-of-lung-cancer-patients\/\"]}]},{\"@type\":\"BreadcrumbList\",\"@id\":\"https:\/\/www.lungcancergroup.de\/en\/project\/implementation-of-amplicon-parallel-sequencing-leads-to-improvement-of-diagnosis-and-therapy-of-lung-cancer-patients\/#breadcrumb\",\"itemListElement\":[{\"@type\":\"ListItem\",\"position\":1,\"name\":\"Startseite\",\"item\":\"https:\/\/www.lungcancergroup.de\/en\/\"},{\"@type\":\"ListItem\",\"position\":2,\"name\":\"Projects\",\"item\":\"https:\/\/www.lungcancergroup.de\/en\/project\/\"},{\"@type\":\"ListItem\",\"position\":3,\"name\":\"Implementation of Amplicon Parallel Sequencing Leads to Improvement of Diagnosis and Therapy of Lung Cancer Patients.\"}]},{\"@type\":\"WebSite\",\"@id\":\"https:\/\/www.lungcancergroup.de\/en\/#website\",\"url\":\"https:\/\/www.lungcancergroup.de\/en\/\",\"name\":\"Lung Cancer Group Cologne\",\"description\":\"Lungenkrebs Studiengruppe K\u00f6ln\",\"potentialAction\":[{\"@type\":\"SearchAction\",\"target\":{\"@type\":\"EntryPoint\",\"urlTemplate\":\"https:\/\/www.lungcancergroup.de\/en\/?s={search_term_string}\"},\"query-input\":{\"@type\":\"PropertyValueSpecification\",\"valueRequired\":true,\"valueName\":\"search_term_string\"}}],\"inLanguage\":\"en-US\"}]}<\/script>\n<!-- \/ Yoast SEO plugin. -->","yoast_head_json":{"title":"Implementation of Amplicon Parallel Sequencing Leads to Improvement of Diagnosis and Therapy of Lung Cancer Patients. - Lung Cancer Group Cologne","robots":{"index":"index","follow":"follow","max-snippet":"max-snippet:-1","max-image-preview":"max-image-preview:large","max-video-preview":"max-video-preview:-1"},"canonical":"https:\/\/www.lungcancergroup.de\/en\/project\/implementation-of-amplicon-parallel-sequencing-leads-to-improvement-of-diagnosis-and-therapy-of-lung-cancer-patients\/","og_locale":"en_US","og_type":"article","og_title":"Implementation of Amplicon Parallel Sequencing Leads to Improvement of Diagnosis and Therapy of Lung Cancer Patients. - Lung Cancer Group Cologne","og_description":"Journal: J Thorac Oncol Published: July 10th, 2015","og_url":"https:\/\/www.lungcancergroup.de\/en\/project\/implementation-of-amplicon-parallel-sequencing-leads-to-improvement-of-diagnosis-and-therapy-of-lung-cancer-patients\/","og_site_name":"Lung Cancer Group Cologne","article_modified_time":"2016-04-25T08:10:58+00:00","twitter_card":"summary_large_image","twitter_misc":{"Est. reading time":"1 minute"},"schema":{"@context":"https:\/\/schema.org","@graph":[{"@type":"WebPage","@id":"https:\/\/www.lungcancergroup.de\/en\/project\/implementation-of-amplicon-parallel-sequencing-leads-to-improvement-of-diagnosis-and-therapy-of-lung-cancer-patients\/","url":"https:\/\/www.lungcancergroup.de\/en\/project\/implementation-of-amplicon-parallel-sequencing-leads-to-improvement-of-diagnosis-and-therapy-of-lung-cancer-patients\/","name":"Implementation of Amplicon Parallel Sequencing Leads to Improvement of Diagnosis and Therapy of Lung Cancer Patients. - Lung Cancer Group Cologne","isPartOf":{"@id":"https:\/\/www.lungcancergroup.de\/en\/#website"},"datePublished":"2015-07-10T15:25:45+00:00","dateModified":"2016-04-25T08:10:58+00:00","breadcrumb":{"@id":"https:\/\/www.lungcancergroup.de\/en\/project\/implementation-of-amplicon-parallel-sequencing-leads-to-improvement-of-diagnosis-and-therapy-of-lung-cancer-patients\/#breadcrumb"},"inLanguage":"en-US","potentialAction":[{"@type":"ReadAction","target":["https:\/\/www.lungcancergroup.de\/en\/project\/implementation-of-amplicon-parallel-sequencing-leads-to-improvement-of-diagnosis-and-therapy-of-lung-cancer-patients\/"]}]},{"@type":"BreadcrumbList","@id":"https:\/\/www.lungcancergroup.de\/en\/project\/implementation-of-amplicon-parallel-sequencing-leads-to-improvement-of-diagnosis-and-therapy-of-lung-cancer-patients\/#breadcrumb","itemListElement":[{"@type":"ListItem","position":1,"name":"Startseite","item":"https:\/\/www.lungcancergroup.de\/en\/"},{"@type":"ListItem","position":2,"name":"Projects","item":"https:\/\/www.lungcancergroup.de\/en\/project\/"},{"@type":"ListItem","position":3,"name":"Implementation of Amplicon Parallel Sequencing Leads to Improvement of Diagnosis and Therapy of Lung Cancer Patients."}]},{"@type":"WebSite","@id":"https:\/\/www.lungcancergroup.de\/en\/#website","url":"https:\/\/www.lungcancergroup.de\/en\/","name":"Lung Cancer Group Cologne","description":"Lungenkrebs Studiengruppe K\u00f6ln","potentialAction":[{"@type":"SearchAction","target":{"@type":"EntryPoint","urlTemplate":"https:\/\/www.lungcancergroup.de\/en\/?s={search_term_string}"},"query-input":{"@type":"PropertyValueSpecification","valueRequired":true,"valueName":"search_term_string"}}],"inLanguage":"en-US"}]}},"_links":{"self":[{"href":"https:\/\/www.lungcancergroup.de\/en\/wp-json\/wp\/v2\/project\/1040","targetHints":{"allow":["GET"]}}],"collection":[{"href":"https:\/\/www.lungcancergroup.de\/en\/wp-json\/wp\/v2\/project"}],"about":[{"href":"https:\/\/www.lungcancergroup.de\/en\/wp-json\/wp\/v2\/types\/project"}],"author":[{"embeddable":true,"href":"https:\/\/www.lungcancergroup.de\/en\/wp-json\/wp\/v2\/users\/19"}],"replies":[{"embeddable":true,"href":"https:\/\/www.lungcancergroup.de\/en\/wp-json\/wp\/v2\/comments?post=1040"}],"version-history":[{"count":4,"href":"https:\/\/www.lungcancergroup.de\/en\/wp-json\/wp\/v2\/project\/1040\/revisions"}],"predecessor-version":[{"id":1377,"href":"https:\/\/www.lungcancergroup.de\/en\/wp-json\/wp\/v2\/project\/1040\/revisions\/1377"}],"wp:attachment":[{"href":"https:\/\/www.lungcancergroup.de\/en\/wp-json\/wp\/v2\/media?parent=1040"}],"wp:term":[{"taxonomy":"project_category","embeddable":true,"href":"https:\/\/www.lungcancergroup.de\/en\/wp-json\/wp\/v2\/project_category?post=1040"},{"taxonomy":"project_tag","embeddable":true,"href":"https:\/\/www.lungcancergroup.de\/en\/wp-json\/wp\/v2\/project_tag?post=1040"}],"curies":[{"name":"wp","href":"https:\/\/api.w.org\/{rel}","templated":true}]}}

<p>[et_pb_section admin_label=&#8221;section&#8221;][et_pb_row admin_label=&#8221;row&#8221;][et_pb_column type=&#8221;4_4&#8243;][et_pb_text admin_label=&#8221;Projekttitel&#8221; background_layout=&#8221;light&#8221; text_orientation=&#8221;left&#8221; text_font_size=&#8221;14&#8243; use_border_color=&#8221;off&#8221; border_color=&#8221;#ffffff&#8221; border_style=&#8221;solid&#8221;]</p>
<h4><a href="http://www.ncbi.nlm.nih.gov/pubmed/26102443/" target="_blank">Implementation of Amplicon Parallel Sequencing Leads to Improvement of Diagnosis and Therapy of Lung Cancer Patients.</a></h4>
<p>[/et_pb_text][et_pb_text admin_label=&#8221;Autoren&#8221; background_layout=&#8221;light&#8221; text_orientation=&#8221;left&#8221; text_font_size=&#8221;14&#8243; use_border_color=&#8221;off&#8221; border_color=&#8221;#ffffff&#8221; border_style=&#8221;solid&#8221;]</p>
<p>König K, Peifer M, Fassunke J, Ihle MA, Künstlinger H, Heydt C, Stamm K, Ueckeroth F, Vollbrecht C, Bos M, Gardizi M, Scheffler M, Nogova L, Leenders F, Albus K, Meder L, Becker K, Florin A, Rommerscheidt-Fuss U, Altmüller J, Kloth M, Nürnberg P, Henkel T, Bikár SE, Sos ML, Geese WJ, Strauss L, Ko YD, Gerigk U, Odenthal M, Zander T, Wolf J, Merkelbach-Bruse S, Buettner R, Heukamp LC.</p>
<p>[/et_pb_text][et_pb_text admin_label=&#8221;Journal+Veröffentlichung&#8221; background_layout=&#8221;light&#8221; text_orientation=&#8221;left&#8221; use_border_color=&#8221;off&#8221; border_color=&#8221;#ffffff&#8221; border_style=&#8221;solid&#8221;]</p>
<p>Journal: J Thorac Oncol<br />
Published: July 10th, 2015</p>
<p>[/et_pb_text][/et_pb_column][/et_pb_row][/et_pb_section]</p>

<!-- This site is optimized with the Yoast SEO plugin v24.7 - https://yoast.com/wordpress/plugins/seo/ -->
<title>Implementation of Amplicon Parallel Sequencing Leads to Improvement of Diagnosis and Therapy of Lung Cancer Patients. - Lung Cancer Group Cologne</title>
<meta name="robots" content="index, follow, max-snippet:-1, max-image-preview:large, max-video-preview:-1" />
<link rel="canonical" href="https://www.lungcancergroup.de/en/project/implementation-of-amplicon-parallel-sequencing-leads-to-improvement-of-diagnosis-and-therapy-of-lung-cancer-patients/" />
<meta property="og:locale" content="en_US" />
<meta property="og:type" content="article" />
<meta property="og:title" content="Implementation of Amplicon Parallel Sequencing Leads to Improvement of Diagnosis and Therapy of Lung Cancer Patients. - Lung Cancer Group Cologne" />
<meta property="og:description" content="Journal: J Thorac Oncol Published: July 10th, 2015" />
<meta property="og:url" content="https://www.lungcancergroup.de/en/project/implementation-of-amplicon-parallel-sequencing-leads-to-improvement-of-diagnosis-and-therapy-of-lung-cancer-patients/" />
<meta property="og:site_name" content="Lung Cancer Group Cologne" />
<meta property="article:modified_time" content="2016-04-25T08:10:58+00:00" />
<meta name="twitter:card" content="summary_large_image" />
<meta name="twitter:label1" content="Est. reading time" />
	<meta name="twitter:data1" content="1 minute" />
<script type="application/ld+json" class="yoast-schema-graph">{"@context":"https://schema.org","@graph":[{"@type":"WebPage","@id":"https://www.lungcancergroup.de/en/project/implementation-of-amplicon-parallel-sequencing-leads-to-improvement-of-diagnosis-and-therapy-of-lung-cancer-patients/","url":"https://www.lungcancergroup.de/en/project/implementation-of-amplicon-parallel-sequencing-leads-to-improvement-of-diagnosis-and-therapy-of-lung-cancer-patients/","name":"Implementation of Amplicon Parallel Sequencing Leads to Improvement of Diagnosis and Therapy of Lung Cancer Patients. - Lung Cancer Group Cologne","isPartOf":{"@id":"https://www.lungcancergroup.de/en/#website"},"datePublished":"2015-07-10T15:25:45+00:00","dateModified":"2016-04-25T08:10:58+00:00","breadcrumb":{"@id":"https://www.lungcancergroup.de/en/project/implementation-of-amplicon-parallel-sequencing-leads-to-improvement-of-diagnosis-and-therapy-of-lung-cancer-patients/#breadcrumb"},"inLanguage":"en-US","potentialAction":[{"@type":"ReadAction","target":["https://www.lungcancergroup.de/en/project/implementation-of-amplicon-parallel-sequencing-leads-to-improvement-of-diagnosis-and-therapy-of-lung-cancer-patients/"]}]},{"@type":"BreadcrumbList","@id":"https://www.lungcancergroup.de/en/project/implementation-of-amplicon-parallel-sequencing-leads-to-improvement-of-diagnosis-and-therapy-of-lung-cancer-patients/#breadcrumb","itemListElement":[{"@type":"ListItem","position":1,"name":"Startseite","item":"https://www.lungcancergroup.de/en/"},{"@type":"ListItem","position":2,"name":"Projects","item":"https://www.lungcancergroup.de/en/project/"},{"@type":"ListItem","position":3,"name":"Implementation of Amplicon Parallel Sequencing Leads to Improvement of Diagnosis and Therapy of Lung Cancer Patients."}]},{"@type":"WebSite","@id":"https://www.lungcancergroup.de/en/#website","url":"https://www.lungcancergroup.de/en/","name":"Lung Cancer Group Cologne","description":"Lungenkrebs Studiengruppe Köln","potentialAction":[{"@type":"SearchAction","target":{"@type":"EntryPoint","urlTemplate":"https://www.lungcancergroup.de/en/?s={search_term_string}"},"query-input":{"@type":"PropertyValueSpecification","valueRequired":true,"valueName":"search_term_string"}}],"inLanguage":"en-US"}]}</script>
<!-- / Yoast SEO plugin. -->

Lungenkrebs Studiengruppe Köln
